 184 and 2162.
46
What is the highest common divisor of 7 and 497?
7
Calculate the highest common divisor of 60 and 105.
15
Calculate the greatest common divisor of 18 and 13410.
18
What is the greatest common factor of 1315 and 15?
5
Calculate the highest common factor of 165 and 220.
55
Calculate the greatest common divisor of 11 and 99.
11
What is the greatest common divisor of 127 and 3175?
127
Calculate the greatest common factor of 27 and 24435.
27
Calculate the greatest common divisor of 44 and 308.
44
What is the highest common divisor of 325 and 25?
25
What is the highest common divisor of 96 and 4960?
32
What is the highest common divisor of 12 and 2676?
12
Calculate the highest common factor of 609 and 42.
21
What is the greatest common divisor of 106 and 3074?
106
Calculate the greatest common factor of 2424 and 101.
101
Calculate the greatest common divisor of 1457 and 47.
47
Calculate the greatest common factor of 366 and 42.
6
Calculate the highest common factor of 140 and 28.
28
What is the highest common divisor of 35 and 10?
5
Calculate the greatest common divisor of 4185 and 135.
135
Calculate the greatest common divisor of 15129 and 6.
3
What is the greatest common divisor of 7 and 97363?
7
Calculate the highest common factor of 116 and 4.
4
What is the greatest common divisor of 286 and 156?
26
Calculate the greatest common factor of 36 and 72.
36
What is the highest common divisor of 15 and 9?
3
Calculate the greatest common factor of 20 and 90.
10
What is the highest common divisor of 3 and 2?
1
What is the greatest common factor of 1121 and 57?
19
Calculate the highest common divisor of 20046 and 156.
78
Calculate the greatest common factor of 2 and 968.
2
Calculate the highest common factor of 5 and 144.
1
Calculate the highest common factor of 74 and 629.
37
What is the highest common factor of 574 and 133?
7
What is the greatest common factor of 247 and 19?
19
Calculate the highest common factor of 90 and 486.
18
Calculate the greatest common factor of 95 and 6327.
19
What is the greatest common factor of 279 and 6789?
93
What is the highest common divisor of 43415 and 190?
95
What is the greatest common divisor of 24 and 1173?
3
What is the greatest common factor of 1072 and 272?
16
Calculate the greatest common factor of 6313 and 236.
59
Calculate the highest common divisor of 448 and 63.
7
What is the highest common factor of 11 and 1133?
11
What is the greatest common factor of 75 and 15?
15
What is the highest common divisor of 264 and 19140?
132
Calculate the highest common divisor of 4089 and 174.
87
What is the highest common factor of 140 and 105?
35
What is the highest common factor of 72 and 312?
24
Calculate the greatest common divisor of 1230 and 240.
30
Calculate the highest common factor of 48 and 56.
8
Calculate the highest common factor of 204 and 54.
6
Calculate the highest common factor of 341 and 11.
11
Calculate the highest common factor of 52 and 5564.
52
What is the greatest common divisor of 12 and 20?
4
What is the highest common factor of 18 and 522?
18
Calculate the greatest common factor of 292 and 4.
4
Calculate the greatest common factor of 132 and 2519.
11
What is the greatest common divisor of 87 and 261?
87
Calculate the highest common divisor of 40 and 520.
40
Calculate the highest common factor of 39 and 195.
39
Calculate the highest common factor of 217 and 7.
7
Calculate the highest common factor of 7302 and 6.
6
Calculate the highest common factor of 552 and 48.
24
What is the greatest common factor of 30 and 280?
10
What is the greatest common divisor of 2765 and 35?
35
Calculate the highest common factor of 50 and 220.
10
What is the greatest common divisor of 8 and 524?
4
What is the greatest common factor of 1020 and 153?
51
Calculate the greatest common divisor of 329 and 1504.
47
What is the greatest common factor of 3663 and 99?
99
What is the greatest common factor of 108 and 2781?
27
What is the highest common divisor of 31742 and 118?
118
Calculate the highest common divisor of 88 and 3223.
11
Calculate the highest common divisor of 99 and 561.
33
What is the greatest common divisor of 152 and 8132?
76
Calculate the highest common factor of 13 and 325.
13
Calculate the highest common divisor of 264 and 9966.
66
Calculate the greatest common divisor of 736 and 48.
16
What is the greatest common divisor of 1236 and 36?
12
Calculate the highest common divisor of 465 and 15.
15
Calculate the greatest common divisor of 430 and 30.
10
Calculate the greatest common factor of 15 and 489.
3
Calculate the greatest common divisor of 1316 and 376.
188
Calculate the highest common divisor of 86 and 2150.
86
Calculate the greatest common divisor of 980 and 1015.
35
Calculate the greatest common factor of 56 and 11774.
14
Calculate the greatest common divisor of 4214 and 43.
43
What is the highest common factor of 117 and 24?
3
Calculate the highest common divisor of 147 and 6027.
147
What is the greatest common divisor of 2607 and 33?
33
Calculate the highest common factor of 2325 and 744.
93
Calculate the highest common factor of 340 and 20.
20
Calculate the highest common divisor of 85 and 4267.
17
What is the greatest common factor of 20 and 26?
2
What is the greatest common factor of 377 and 260?
13
Calculate the greatest common factor of 1065 and 142.
71
Calculate the highest common divisor of 99 and 11.
11
Calculate the greatest common divisor of 12 and 12.
12
Calculate the greatest common divisor of 14 and 1547.
7
Calculate the greatest common factor of 5775 and 66.
33
Calculate the greatest common divisor of 272 and 16.
16
Calculate the greatest common factor of 36 and 207.
9
What is the highest common divisor of 574 and 28?
14
Calculate the greatest common divisor of 199 and 995.
199
Calculate the highest common factor of 97 and 1552.
97
What is the greatest common factor of 52 and 78?
26
Calculate the highest common factor of 720 and 15.
15
What is the greatest common divisor of 765 and 645?
15
Calculate the highest common divisor of 96 and 912.
48
What is the greatest common divisor of 86 and 3698?
86
Calculate the greatest common divisor of 90 and 1410.
30
Calculate the greatest common factor of 180 and 100.
20
Calculate the highest common divisor of 21 and 1344.
21
What is the highest common divisor of 962 and 26?
26
What is the greatest common divisor of 58729 and 209?
209
Calculate the greatest common divisor of 8 and 1304.
8
What is the highest common factor of 45 and 720?
45
What is the highest common factor of 78 and 36?
6
Calculate the highest common factor of 154 and 22.
22
Calculate the highest common factor of 23 and 82.
1
Calculate the greatest common factor of 18 and 387.
9
What is the greatest common factor of 943 and 41?
41
What is the highest common factor of 25 and 570?
5
What is the highest common factor of 27 and 9234?
27
Calculate the highest common divisor of 715 and 130.
65
Calculate the greatest common factor of 539 and 22.
11
Calculate the greatest common divisor of 207 and 276.
69
What is the greatest common factor of 1254 and 132?
66
Calculate the greatest common divisor of 27 and 5319.
27
Calculate the greatest common factor of 27 and 1269.
27
Calculate the highest common divisor of 34 and 4250.
34
What is the highest common factor of 190 and 10?
10
Calculate the highest common factor of 32 and 928.
32
What is the highest common divisor of 2009 and 49?
49
Calculate the highest common factor of 1088 and 64.
64
What is the greatest common factor of 276 and 36?
12
What is the highest common divisor of 115 and 621?
23
Calculate the greatest common factor of 24436 and 164.
164
What is the greatest common factor of 117 and 104?
13
What is the highest common factor of 8 and 11512?
8
What is the greatest common factor of 957 and 1386?
33
What is the greatest common factor of 18 and 1926?
18
What is the greatest common factor of 64 and 808?
8
What is the greatest common divisor of 703 and 1159?
19
Calculate the greatest common divisor of 3100 and 124.
124
Calculate the highest common divisor of 217 and 31.
31
What is the highest common factor of 6290 and 425?
85
Calculate the greatest common factor of 2046 and 198.
66
What is the greatest common divi